{"id":2702,"date":"2024-05-14T13:07:43","date_gmt":"2024-05-14T13:07:43","guid":{"rendered":"https:\/\/www.fuoribinario.org\/?page_id=2702"},"modified":"2026-04-01T14:21:43","modified_gmt":"2026-04-01T14:21:43","slug":"periferie-al-centro-odv","status":"publish","type":"page","link":"https:\/\/www.fuoribinario.org\/index.php\/periferie-al-centro-odv\/","title":{"rendered":"Periferie al Centro"},"content":{"rendered":"\n<hr class=\"wp-block-separator has-text-color has-ast-global-color-4-color has-alpha-channel-opacity has-ast-global-color-4-background-color has-background is-style-wide\" style=\"margin-top:var(--wp--preset--spacing--40);margin-bottom:var(--wp--preset--spacing--40)\"\/>\n\n\n\n<hr class=\"wp-block-separator has-text-color has-ast-global-color-4-color has-alpha-channel-opacity has-ast-global-color-4-background-color has-background is-style-wide\" style=\"margin-top:var(--wp--preset--spacing--30);margin-bottom:var(--wp--preset--spacing--30)\"\/>\n\n\n\n<div class=\"wp-block-uagb-inline-notice uagb-inline_notice__align-left uagb-block-06fc6810\"><button class=\"uagb-notice-close-button\" type=\"button\" aria-label=\"Close\"><\/button><h4 class=\"uagb-notice-title\">Per associarti <\/h4><div class=\"uagb-notice-text\">\n<p>Se vuoi sostenere con pi\u00f9 energia le nostre attivit\u00e0 puoi associarti a Periferie al centro Odv, editore di Fuori Binario. Per fare la richiesta clicca <a href=\"https:\/\/docs.google.com\/forms\/d\/e\/1FAIpQLScTpNooVtqlvhm5Wrp3vSN03RkXFx1OSlfuhxHkeNmdlPAU1Q\/viewform?usp=sf_link\">qui<\/a>. <\/p>\n<\/div><\/div>\n\n\n\n<div class=\"wp-block-uagb-inline-notice uagb-inline_notice__align-left uagb-block-1db71df4\"><button class=\"uagb-notice-close-button\" type=\"button\" aria-label=\"Close\"><\/button><h4 class=\"uagb-notice-title\">Le attivit\u00e0 dell&#8217;associazione che edita Fuori Binario <\/h4><div class=\"uagb-notice-text\">\n<p>L\u2019associazione <strong>Periferie al Centro ODV<\/strong> \u00e8 iscritta con Decreto del Presidente della Giunta Regionale n.2894 del 08\/08\/1995 al n.308 del Registro Regionale del Volontariato \u2013 Sezione Provincia di Firenze. Il suo statuto \u00e8 stato modificato a Giugno 2019, in seguito all&#8217;adeguamento al Decreto Legislativo 3 luglio 2017, n.117 (\u201cCodice del Terzo settore\u201d) e successive modifiche. L\u2019associazione \u00e8 iscritta al RUNTS \u2013 Regione Toscana.<br><br><strong>Il giornale<\/strong><br>L\u2019attivit\u00e0 principale dell\u2019associazione Periferie al Centro ODV \u00e8 rappresentata dal giornale di strada Fuori Binario. Il giornale \u00e8 nato nel giugno 1994, dalla sua fondazione autogestito ed autofinanziato, non avendo mai previsto spazi pubblicitari, n\u00e9 ha mai fatto richiesta di fondi a realt\u00e0 politiche o religiose per il suo sostentamento. Il giornale \u00e8 composto, scritto e distribuito da persone che vivono la realt\u00e0 quotidiana della strada, intende sia appartenere che dar loro voce. La redazione del giornale \u00e8 infatti composta da volontari, ma anche da persone che vivono ai margini e che nel giornale vedono un mezzo per parlare di problemi sociali della citt\u00e0. Il giornale viene composto, mandato in stampa presso una tipografia e poi distribuito in citt\u00e0 da distributori autorizzati. Fuori Binario ha il costo per il diffusore di 0.90 Euro, con questi contribuisce alle spese di stampa e redazione. Viene venduto a offerta libera che (oltre il costo) \u00e8 il guadagno del diffusore. L\u2019attivit\u00e0 dell\u2019Associazione non ha fini di lucro, la distribuzione del giornale \u00e8 prevista come attivit\u00e0 marginale, ex art.8, comma 4, Legge 266\/94 \u201cLegge sul volontariato\u201d.<br><br><strong>Distribuzione alimentare<\/strong><br>L\u2019Associazione ha aderito dal 2008 alla convenzione col Banco alimentare per un punto di distribuzione di cibo per le persone senza fissa dimora e per le famiglie in difficolt\u00e0. <br><br><strong>Residenze<\/strong><br>Presso la nostra associazione sono residenti circa 30 persone che possono cos\u00ec ricevere posta ed avere una residenza virtuale.<br><br><strong>Archivio ed emeroteca<\/strong><br>Nella sede dell\u2019Associazione \u00e8 presente un archivio dei giornali di strada e di pubblicazioni sui temi della marginalit\u00e0.<\/p>\n<\/div><\/div>\n\n\n\n<hr class=\"wp-block-separator has-text-color has-ast-global-color-4-color has-alpha-channel-opacity has-ast-global-color-4-background-color has-background is-style-wide\" style=\"margin-top:var(--wp--preset--spacing--30);margin-bottom:var(--wp--preset--spacing--30)\"\/>\n\n\n\n<div class=\"wp-block-uagb-inline-notice uagb-inline_notice__align-left uagb-block-2724e3ee\"><button class=\"uagb-notice-close-button\" type=\"button\" aria-label=\"Close\"><\/button><h4 class=\"uagb-notice-title\">Gli organi statutari<\/h4><div class=\"uagb-notice-text\">\n<p>Dal 7 giugno 2025 gli organi statutari sono cos\u00ec definiti.<br><br><strong>Presidente<\/strong><br>&#8211; Ornella De Zordo<br><br><strong>Consiglio direttivo<\/strong><br>&#8211; Alessandro De Angeli<br>&#8211; Andrea Millotti<br>&#8211; Anna Piana Agostinetti<br>&#8211; Camilla Lattanzi<br>&#8211; Cecilia Stefani<br>&#8211; Claudia Daur\u00f9<br>&#8211; Consuelo Mongelli (vicepresidente)<br>&#8211; Cristiano Lucchi<br>&#8211; Felice Simeone<br>&#8211; Fiammetta Benati<br>&#8211; Francesco Martinelli<br>&#8211; Giorgia Bulli<br>&#8211; Gisella Filippi<br>&#8211; Guido Leoni<br>&#8211; Ilaria Di Biagio<br>&#8211; Isabella Mancini<br>&#8211; Riccardo &#8220;Fede&#8221; Trombaccia<br>&#8211; Sabrina Bargioni (vicepresidente)<\/p>\n<\/div><\/div>\n\n\n\n<hr class=\"wp-block-separator has-text-color has-ast-global-color-4-color has-alpha-channel-opacity has-ast-global-color-4-background-color has-background is-style-wide\" style=\"margin-top:var(--wp--preset--spacing--30);margin-bottom:var(--wp--preset--spacing--30)\"\/>\n\n\n\n<div class=\"wp-block-uagb-inline-notice uagb-inline_notice__align-left uagb-block-352897bf\"><button class=\"uagb-notice-close-button\" type=\"button\" aria-label=\"Close\"><\/button><h4 class=\"uagb-notice-title\">Scopo, finalit\u00e0 e attivit\u00e0 (art. 2 dello Statuto)<\/h4><div class=\"uagb-notice-text\">\n<p>L&#8217;associazione non ha scopo di lucro e persegue finalit\u00e0 civiche, solidaristiche e di utilit\u00e0 sociale, mediante lo svolgimento prevalentemente in favore di terzi di una o pi\u00f9 delle seguenti attivit\u00e0 di interesse generale di cui all\u2019art. 5 del Codice del Terzo settore, avvalendosi in modo prevalente dell\u2019attivit\u00e0 di volontariato dei propri associati o delle persone aderenti agli enti associati:<br>&#8211; organizzazione e gestione di attivit\u00e0 culturali, artistiche o ricreative di particolare interesse sociale, incluse attivit\u00e0, anche editoriali, di promozione e diffusione della cultura e della pratica del volontariato e delle attivit\u00e0 di interesse generale di cui al presente articolo;<br>&#8211; servizi finalizzati all\u2019inserimento o al reinserimento nel mercato del lavoro dei lavoratori e delle persone di cui all\u2019articolo 2, comma 4, del decreto legislativo di cui all\u2019articolo 1, comma 2, lettera c), della legge 6 giugno 2016, n. 106;<br>&#8211; beneficenza, sostegno a distanza, cessione gratuita di alimenti o prodotti di cui alla legge 19 agosto 2016, n. 166, e successive modificazioni, o erogazione di denaro, beni o servizi a sostegno di persone svantaggiate o di attivit\u00e0 di interesse generale a norma del presente articolo.<br><br>In particolare l\u2019associazione si propone di:<br>&#8211; stabilire un rapporto significativo con il disagio crescente della citt\u00e0 attraverso la sensibilizzazione dell\u2019opinione pubblica rispetto all\u2019emarginazione sociale, organizzando incontri specifici con la cittadinanza, promuovendo progetti di reinserimento e riabilitazione, stimolando il confronto fra tutte le realt\u00e0 associative e istituzionali con l\u2019emarginazione sociale;<br>&#8211; realizzare il giornale \u201cFuori Binario\u201d, inteso come giornale dei senza fissa dimora e, pi\u00f9 in generale, dell\u2019emarginazione tutta, che verr\u00e0 quasi interamente scritto e, comunque, distribuito dai senza fissa dimora. Scopo del giornale \u00e8 quello di dare voce a questa realt\u00e0 all\u2019interno della societ\u00e0 e investire le istituzioni delle molteplici problematiche esistenti e dei bisogni crescenti;<br>&#8211; formare una \u201crete\u201d coordinata fra gruppi, associazioni, istituzioni, mezzi di comunicazione e singoli cittadini, cio\u00e8 un tessuto di sostegno e riconoscimento, capace di sorvegliare che i diritti complessivi dei cittadini senza fissa dimora, italiani, europei ed extracomunitari, siano rispettati e conosciuti dai medesimi, e di sostenere tutte le dinamiche possibili di auto-aiuto per le persone in difficolt\u00e0.<br><br>L\u2019associazione pu\u00f2 esercitare, a norma dell\u2019art. 6 del Codice del Terzo settore, attivit\u00e0 diverse da quelle di interesse generale, secondarie e strumentali rispetto a queste ultime, secondo criteri e limiti definiti con apposito Decreto ministeriale. La loro individuazione sar\u00e0 successivamente operata da parte dell\u2019Organo di amministrazione.<br><br>L\u2019associazione pu\u00f2 esercitare, a norma dell\u2019art. 7 del Codice del Terzo settore, anche attivit\u00e0 di raccolta fondi &#8211; attraverso la richiesta a terzi di donazioni, lasciti e contributi di natura non corrispettiva &#8211; al fine di finanziare le proprie attivit\u00e0 di interesse generale e nel rispetto dei principi di verit\u00e0, trasparenza e correttezza nei rapporti con i sostenitori e con il pubblico.<br><br>I contenuti e la struttura dell\u2019associazione sono democratici.<\/p>\n<\/div><\/div>\n\n\n\n<hr class=\"wp-block-separator has-text-color has-ast-global-color-4-color has-alpha-channel-opacity has-ast-global-color-4-background-color has-background is-style-wide\" style=\"margin-top:var(--wp--preset--spacing--30);margin-bottom:var(--wp--preset--spacing--30)\"\/>\n","protected":false},"excerpt":{"rendered":"","protected":false},"author":2,"featured_media":2711,"parent":0,"menu_order":0,"comment_status":"closed","ping_status":"closed","template":"","meta":{"_uag_custom_page_level_css":"","site-sidebar-layout":"default","site-content-layout":"","ast-site-content-layout":"default","site-content-style":"default","site-sidebar-style":"default","ast-global-header-display":"","ast-banner-title-visibility":"","ast-main-header-display":"","ast-hfb-above-header-display":"","ast-hfb-below-header-display":"","ast-hfb-mobile-header-display":"","site-post-title":"","ast-breadcrumbs-content":"","ast-featured-img":"","footer-sml-layout":"","ast-disable-related-posts":"","theme-transparent-header-meta":"","adv-header-id-meta":"","stick-header-meta":"","header-above-stick-meta":"","header-main-stick-meta":"","header-below-stick-meta":"","astra-migrate-meta-layouts":"set","ast-page-background-enabled":"default","ast-page-background-meta":{"desktop":{"background-color":"var(--ast-global-color-4)","background-image":"","background-repeat":"repeat","background-position":"center center","background-size":"auto","background-attachment":"scroll","background-type":"","background-media":"","overlay-type":"","overlay-color":"","overlay-opacity":"","overlay-gradient":""},"tablet":{"background-color":"","background-image":"","background-repeat":"repeat","background-position":"center center","background-size":"auto","background-attachment":"scroll","background-type":"","background-media":"","overlay-type":"","overlay-color":"","overlay-opacity":"","overlay-gradient":""},"mobile":{"background-color":"","background-image":"","background-repeat":"repeat","background-position":"center center","background-size":"auto","background-attachment":"scroll","background-type":"","background-media":"","overlay-type":"","overlay-color":"","overlay-opacity":"","overlay-gradient":""}},"ast-content-background-meta":{"desktop":{"background-color":"var(--ast-global-color-5)","background-image":"","background-repeat":"repeat","background-position":"center center","background-size":"auto","background-attachment":"scroll","background-type":"","background-media":"","overlay-type":"","overlay-color":"","overlay-opacity":"","overlay-gradient":""},"tablet":{"background-color":"var(--ast-global-color-5)","background-image":"","background-repeat":"repeat","background-position":"center center","background-size":"auto","background-attachment":"scroll","background-type":"","background-media":"","overlay-type":"","overlay-color":"","overlay-opacity":"","overlay-gradient":""},"mobile":{"background-color":"var(--ast-global-color-5)","background-image":"","background-repeat":"repeat","background-position":"center center","background-size":"auto","background-attachment":"scroll","background-type":"","background-media":"","overlay-type":"","overlay-color":"","overlay-opacity":"","overlay-gradient":""}},"footnotes":""},"ppma_author":[38],"class_list":["post-2702","page","type-page","status-publish","has-post-thumbnail","hentry"],"uagb_featured_image_src":{"full":["https:\/\/www.fuoribinario.org\/wp-content\/uploads\/2024\/05\/logo-pac-1.jpeg",378,378,false],"thumbnail":["https:\/\/www.fuoribinario.org\/wp-content\/uploads\/2024\/05\/logo-pac-1-150x150.jpeg",150,150,true],"medium":["https:\/\/www.fuoribinario.org\/wp-content\/uploads\/2024\/05\/logo-pac-1-300x300.jpeg",300,300,true],"medium_large":["https:\/\/www.fuoribinario.org\/wp-content\/uploads\/2024\/05\/logo-pac-1.jpeg",378,378,false],"large":["https:\/\/www.fuoribinario.org\/wp-content\/uploads\/2024\/05\/logo-pac-1.jpeg",378,378,false],"1536x1536":["https:\/\/www.fuoribinario.org\/wp-content\/uploads\/2024\/05\/logo-pac-1.jpeg",378,378,false],"2048x2048":["https:\/\/www.fuoribinario.org\/wp-content\/uploads\/2024\/05\/logo-pac-1.jpeg",378,378,false]},"uagb_author_info":{"display_name":"Fuori Binario","author_link":"https:\/\/www.fuoribinario.org\/index.php\/author\/redazione\/"},"uagb_comment_info":0,"uagb_excerpt":null,"_links":{"self":[{"href":"https:\/\/www.fuoribinario.org\/index.php\/wp-json\/wp\/v2\/pages\/2702","targetHints":{"allow":["GET"]}}],"collection":[{"href":"https:\/\/www.fuoribinario.org\/index.php\/wp-json\/wp\/v2\/pages"}],"about":[{"href":"https:\/\/www.fuoribinario.org\/index.php\/wp-json\/wp\/v2\/types\/page"}],"author":[{"embeddable":true,"href":"https:\/\/www.fuoribinario.org\/index.php\/wp-json\/wp\/v2\/users\/2"}],"replies":[{"embeddable":true,"href":"https:\/\/www.fuoribinario.org\/index.php\/wp-json\/wp\/v2\/comments?post=2702"}],"version-history":[{"count":10,"href":"https:\/\/www.fuoribinario.org\/index.php\/wp-json\/wp\/v2\/pages\/2702\/revisions"}],"predecessor-version":[{"id":3686,"href":"https:\/\/www.fuoribinario.org\/index.php\/wp-json\/wp\/v2\/pages\/2702\/revisions\/3686"}],"wp:featuredmedia":[{"embeddable":true,"href":"https:\/\/www.fuoribinario.org\/index.php\/wp-json\/wp\/v2\/media\/2711"}],"wp:attachment":[{"href":"https:\/\/www.fuoribinario.org\/index.php\/wp-json\/wp\/v2\/media?parent=2702"}],"wp:term":[{"taxonomy":"author","embeddable":true,"href":"https:\/\/www.fuoribinario.org\/index.php\/wp-json\/wp\/v2\/ppma_author?post=2702"}],"curies":[{"name":"wp","href":"https:\/\/api.w.org\/{rel}","templated":true}]}}