{"id":3,"date":"2021-10-30T01:57:28","date_gmt":"2021-10-30T01:57:28","guid":{"rendered":"http:\/\/localhost\/?page_id=3"},"modified":"2025-05-09T08:06:59","modified_gmt":"2025-05-09T08:06:59","slug":"privacy-policy","status":"publish","type":"page","link":"https:\/\/www.fuoribinario.org\/index.php\/privacy-policy\/","title":{"rendered":"Privacy Policy"},"content":{"rendered":"\n<p><strong>Informativa sulla Privacy ai sensi del Regolamento (UE) 2016\/679 (GDPR)<\/strong><\/p>\n\n\n\n<p><strong>Titolare del trattamento dei dati personali: <\/strong>Periferie al Centro OdV &#8211; Via del Leone 76, Firenze &#8211; 055\/2286348 &#8211; <a href=\"mailto:redazione@fuoribinario.org\">redazione@fuoribinario.org<\/a>.<\/p>\n\n\n\n<p><strong>Finalit\u00e0 del trattamento: <\/strong>i dati personali forniti dagli associati alla Associazione <em>Periferie al Centro OdV<\/em>, dagli abbonati al giornale <em>Fuori Binario<\/em> (giornale edito dalla Associazione), o dai referenti dei Luoghi amici, ossia &#8211; nome, cognome, telefono, email, indirizzo, dati di pagamento &#8211; sono trattati esclusivamente per le seguenti finalit\u00e0: gestione della relazione associativa (iscrizione, rinnovo, risposte a richieste di informazioni), gestione dei \u201cLuoghi amici\u201d e invio agli abbonati del giornale <em>Fuori Binario<\/em>.<\/p>\n\n\n\n<p><strong>Base giuridica del trattamento: <\/strong>il trattamento dei dati personali si basa sul consenso (art. 6, paragrafo 1, lettera a GDPR) espresso nel momento dell\u2019iscrizione alla associazione Periferie al Centro OdV o alla sottoscrizione dell\u2019abbonamento a <em>Fuori Binario<\/em>.<\/p>\n\n\n\n<p><strong>Destinatari dei dati<\/strong>: i dati non saranno comunicati a terzi, salvo obblighi di legge o necessit\u00e0 strettamente connesse alla gestione associativa e alla spedizione del giornale.<\/p>\n\n\n\n<p><strong>Modalit\u00e0 e durata del trattamento: <\/strong>i dati saranno trattati con modalit\u00e0 manuali e informatizzate tali da garantire la loro sicurezza, integrit\u00e0 e riservatezza. I dati sono conservati per il tempo necessario a conseguire le finalit\u00e0 del trattamento e adempiere agli obblighi di legge.<\/p>\n\n\n\n<p><strong>Diritti dell\u2019interessato: <\/strong>l\u2019interessato ha il diritto di accedere ai propri dati personali, di chiederne la rettifica, la limitazione o la cancellazione se incompleti, erronei o raccolti in violazione della legge, nonch\u00e9 di opporsi al loro trattamento per motivi illegittimi rivolgendo; di revocare il consenso in qualsiasi momento. Per esercitare tali diritti pu\u00f2 contattare il Titolare del trattamento alla email sopra indicata. L\u2019interessato inoltre ha il diritto di proporre reclamo all\u2019Autorit\u00e0 Garante per la protezione dei dati personali.<\/p>\n\n\n\n<p><strong>Consenso dell\u2019interessato (GDPR &#8211; Regolamento Generale sulla protezione dei dati) &#8211; <\/strong>Autorizzo l&#8217;associazione Periferie al Centro OdV a raccogliere e trattare i miei dati personali per le finalit\u00e0 di gestione della relazione associativa e per l\u2019invio agli abbonati del giornale Fuori Binario, nel rispetto del GDPR. Ho letto l&#8217;informativa (disponibile sul sito <a href=\"https:\/\/www.fuoribinario.org\/\"><em>www.fuoribinario.org<\/em><\/a>) e so che posso revocare il mio consenso in qualsiasi momento contattando l\u2019Associazione.<\/p>\n\n\n\n<p><\/p>\n","protected":false},"excerpt":{"rendered":"<p>Informativa sulla Privacy ai sensi del Regolamento (UE) 2016\/679 (GDPR) Titolare del trattamento dei dati personali: Periferie al Centro OdV &#8211; Via del Leone 76, Firenze &#8211; 055\/2286348 &#8211; redazione@fuoribinario.org. Finalit\u00e0 del trattamento: i dati personali forniti dagli associati alla Associazione Periferie al Centro OdV, dagli abbonati al giornale Fuori Binario (giornale edito dalla Associazione), [&hellip;]<\/p>\n","protected":false},"author":1,"featured_media":0,"parent":0,"menu_order":0,"comment_status":"closed","ping_status":"open","template":"","meta":{"_uag_custom_page_level_css":"","site-sidebar-layout":"default","site-content-layout":"","ast-site-content-layout":"default","site-content-style":"default","site-sidebar-style":"default","ast-global-header-display":"","ast-banner-title-visibility":"","ast-main-header-display":"","ast-hfb-above-header-display":"","ast-hfb-below-header-display":"","ast-hfb-mobile-header-display":"","site-post-title":"","ast-breadcrumbs-content":"","ast-featured-img":"","footer-sml-layout":"","ast-disable-related-posts":"","theme-transparent-header-meta":"","adv-header-id-meta":"","stick-header-meta":"","header-above-stick-meta":"","header-main-stick-meta":"","header-below-stick-meta":"","astra-migrate-meta-layouts":"set","ast-page-background-enabled":"default","ast-page-background-meta":{"desktop":{"background-color":"var(--ast-global-color-4)","background-image":"","background-repeat":"repeat","background-position":"center center","background-size":"auto","background-attachment":"scroll","background-type":"","background-media":"","overlay-type":"","overlay-color":"","overlay-opacity":"","overlay-gradient":""},"tablet":{"background-color":"","background-image":"","background-repeat":"repeat","background-position":"center center","background-size":"auto","background-attachment":"scroll","background-type":"","background-media":"","overlay-type":"","overlay-color":"","overlay-opacity":"","overlay-gradient":""},"mobile":{"background-color":"","background-image":"","background-repeat":"repeat","background-position":"center center","background-size":"auto","background-attachment":"scroll","background-type":"","background-media":"","overlay-type":"","overlay-color":"","overlay-opacity":"","overlay-gradient":""}},"ast-content-background-meta":{"desktop":{"background-color":"var(--ast-global-color-5)","background-image":"","background-repeat":"repeat","background-position":"center center","background-size":"auto","background-attachment":"scroll","background-type":"","background-media":"","overlay-type":"","overlay-color":"","overlay-opacity":"","overlay-gradient":""},"tablet":{"background-color":"var(--ast-global-color-5)","background-image":"","background-repeat":"repeat","background-position":"center center","background-size":"auto","background-attachment":"scroll","background-type":"","background-media":"","overlay-type":"","overlay-color":"","overlay-opacity":"","overlay-gradient":""},"mobile":{"background-color":"var(--ast-global-color-5)","background-image":"","background-repeat":"repeat","background-position":"center center","background-size":"auto","background-attachment":"scroll","background-type":"","background-media":"","overlay-type":"","overlay-color":"","overlay-opacity":"","overlay-gradient":""}},"footnotes":""},"ppma_author":[37],"class_list":["post-3","page","type-page","status-publish","hentry"],"uagb_featured_image_src":{"full":false,"thumbnail":false,"medium":false,"medium_large":false,"large":false,"1536x1536":false,"2048x2048":false},"uagb_author_info":{"display_name":"fb","author_link":"https:\/\/www.fuoribinario.org\/index.php\/author\/fb\/"},"uagb_comment_info":0,"uagb_excerpt":"Informativa sulla Privacy ai sensi del Regolamento (UE) 2016\/679 (GDPR) Titolare del trattamento dei dati personali: Periferie al Centro OdV &#8211; Via del Leone 76, Firenze &#8211; 055\/2286348 &#8211; redazione@fuoribinario.org. Finalit\u00e0 del trattamento: i dati personali forniti dagli associati alla Associazione Periferie al Centro OdV, dagli abbonati al giornale Fuori Binario (giornale edito dalla Associazione),&hellip;","_links":{"self":[{"href":"https:\/\/www.fuoribinario.org\/index.php\/wp-json\/wp\/v2\/pages\/3","targetHints":{"allow":["GET"]}}],"collection":[{"href":"https:\/\/www.fuoribinario.org\/index.php\/wp-json\/wp\/v2\/pages"}],"about":[{"href":"https:\/\/www.fuoribinario.org\/index.php\/wp-json\/wp\/v2\/types\/page"}],"author":[{"embeddable":true,"href":"https:\/\/www.fuoribinario.org\/index.php\/wp-json\/wp\/v2\/users\/1"}],"replies":[{"embeddable":true,"href":"https:\/\/www.fuoribinario.org\/index.php\/wp-json\/wp\/v2\/comments?post=3"}],"version-history":[{"count":1,"href":"https:\/\/www.fuoribinario.org\/index.php\/wp-json\/wp\/v2\/pages\/3\/revisions"}],"predecessor-version":[{"id":3277,"href":"https:\/\/www.fuoribinario.org\/index.php\/wp-json\/wp\/v2\/pages\/3\/revisions\/3277"}],"wp:attachment":[{"href":"https:\/\/www.fuoribinario.org\/index.php\/wp-json\/wp\/v2\/media?parent=3"}],"wp:term":[{"taxonomy":"author","embeddable":true,"href":"https:\/\/www.fuoribinario.org\/index.php\/wp-json\/wp\/v2\/ppma_author?post=3"}],"curies":[{"name":"wp","href":"https:\/\/api.w.org\/{rel}","templated":true}]}}