{"id":3716,"date":"2026-05-07T14:34:28","date_gmt":"2026-05-07T14:34:28","guid":{"rendered":"https:\/\/www.fuoribinario.org\/?page_id=3716"},"modified":"2026-05-07T14:44:45","modified_gmt":"2026-05-07T14:44:45","slug":"giornalisti-di-strada-la-scommessa-della-chiesa-valdese-sui-senza-dimora-di-fuori-binario","status":"publish","type":"page","link":"https:\/\/www.fuoribinario.org\/index.php\/giornalisti-di-strada-la-scommessa-della-chiesa-valdese-sui-senza-dimora-di-fuori-binario\/","title":{"rendered":"\u201cGiornalisti di strada\u201d: la scommessa della Chiesa valdese sui senza dimora di Fuori Binario"},"content":{"rendered":"\n<p><strong>Un progetto innovativo consente ai diffusori di Fuori Binario di diventare giornalisti pubblicisti, offrendo borse lavoro e formazione in una citt\u00e0 sempre pi\u00f9 respingente per i pi\u00f9 fragili.<\/strong><\/p>\n\n\n\n<figure class=\"wp-block-image alignleft size-full is-resized\"><a href=\"https:\/\/www.ottopermillevaldese.org\/\"><img loading=\"lazy\" decoding=\"async\" width=\"955\" height=\"668\" src=\"https:\/\/www.fuoribinario.org\/wp-content\/uploads\/2026\/05\/Logo-8xmille_ita_Jpeg.jpg\" alt=\"\" class=\"wp-image-3727\" style=\"width:392px;height:auto\" srcset=\"https:\/\/www.fuoribinario.org\/wp-content\/uploads\/2026\/05\/Logo-8xmille_ita_Jpeg.jpg 955w, https:\/\/www.fuoribinario.org\/wp-content\/uploads\/2026\/05\/Logo-8xmille_ita_Jpeg-300x210.jpg 300w, https:\/\/www.fuoribinario.org\/wp-content\/uploads\/2026\/05\/Logo-8xmille_ita_Jpeg-768x537.jpg 768w\" sizes=\"auto, (max-width: 955px) 100vw, 955px\" \/><\/a><\/figure>\n\n\n\n<p class=\"has-ast-global-color-8-color has-text-color has-link-color wp-elements-691ee5430cc8d38c675e0f6d996036f9\">Mentre il centro storico diventa sempre pi\u00f9 un salotto per turisti facoltosi e le case per i residenti svaniscono come neve al sole, dal basso riparte un\u2019idea di inclusione che sembra quasi una sfida alla gentrificazione. La <a href=\"https:\/\/www.ottopermillevaldese.org\/\">Chiesa Valdese, con l&#8217;8&#215;1000<\/a>, ha scelto di sostenere un progetto unico nel suo genere: sostenere il percorso di emancipazione di alcuni senza dimora che vendono in strada Fuori Binario affinch\u00e9 possano iscriversi all&#8217;Albo dei giornalisti pubblicisti.<\/p>\n\n\n\n<p class=\"has-ast-global-color-8-color has-text-color has-link-color wp-elements-a41db01fdb90342f5b1c3a37887af851\">Il progetto si chiama <strong>Giornalisti di strada<\/strong> ed \u00e8 promosso dall&#8217;associazione Periferie al centro, editrice del giornale Fuori Binario. L\u2019obiettivo \u00e8 chiaro e ambizioso: oltre a permettere a due diffusori del giornale di ottenere il tesserino da giornalista pubblicista, offre \u201cborse lavoro\u201d a persone senza dimora o in difficolt\u00e0 economica che collaborano alla gestione operativa del periodico fondato a Firenze nel lontano 1994 per dare un reddito a chi non ce l&#8217;ha.<\/p>\n\n\n\n<p class=\"has-ast-global-color-8-color has-text-color has-link-color wp-elements-f172ebf4e131dd6cf9f41b40a2376594\"><strong>La citt\u00e0 che esclude, il giornale che include<\/strong><\/p>\n\n\n\n<p class=\"has-ast-global-color-8-color has-text-color has-link-color wp-elements-3e60ed464b62351420a84128161497bf\">I numeri raccontano una Firenze spietata. Dal 2015 ad oggi, la citt\u00e0 \u00e8 passata da 382.000 a 362.000 abitanti. Le case in affitto a prezzi accessibili sono quasi scomparse, e quando ci sono, i proprietari spesso giudicano \u201cnon conveniente\u201d affittare a chi vive con fatica la citt\u00e0 e stornano i loro appartamenti verso gli affitti brevi per turisti. \u00c8 cos\u00ec che cresce il numero di persone che dormono in strada o nei centri di accoglienza notturna. In questo contesto, Fuori Binario svolge un ruolo centrale. I suoi diffusori sono passati da 6 a 22 in soli tre anni. Un incremento dovuto non solo al rinnovamento del giornale, ma alla pura necessit\u00e0: vendere copie (guadagnando tra i 200 e i 300 euro al mese, e talvolta anche di pi\u00f9) \u00e8 per molti l\u2019unica integrazione a sussidi o lavori saltuari.<\/p>\n\n\n\n<figure class=\"wp-block-image alignright size-full is-resized\"><img loading=\"lazy\" decoding=\"async\" width=\"627\" height=\"838\" src=\"https:\/\/www.fuoribinario.org\/wp-content\/uploads\/2026\/05\/Schermata-del-2026-05-07-16-21-55.png\" alt=\"\" class=\"wp-image-3726\" style=\"width:533px;height:auto\" srcset=\"https:\/\/www.fuoribinario.org\/wp-content\/uploads\/2026\/05\/Schermata-del-2026-05-07-16-21-55.png 627w, https:\/\/www.fuoribinario.org\/wp-content\/uploads\/2026\/05\/Schermata-del-2026-05-07-16-21-55-224x300.png 224w\" sizes=\"auto, (max-width: 627px) 100vw, 627px\" \/><\/figure>\n\n\n\n<p class=\"has-ast-global-color-8-color has-text-color has-link-color wp-elements-f4a88dfcf5c36574f50a810ab4bac07b\"><strong>Dalla strada all&#8217;Albo dei giornalisti<\/strong><\/p>\n\n\n\n<p class=\"has-ast-global-color-8-color has-text-color has-link-color wp-elements-c7cb7f17b9babc07e96cbeaf92a1e250\">Il cuore del progetto, finanziato dalla Chiesa Valdese, \u00e8 un percorso di riscatto fondato sulla formazione e il lavoro. Il giornale ha infatti organizzato un corso di giornalismo di base per senza dimora, autoprodotto e gratuito, tenutosi nelle aule dell&#8217;Universit\u00e0 di Firenze. Al termine di quelle lezioni, due distributori hanno deciso di fare il grande salto: scrivere continuativamente sul giornale per essere retribuiti e iscriversi cos\u00ec all\u2019Albo dei pubblicisti. Per la prima volta in oltre 30 anni di storia, due persone senza dimora si sono cos\u00ec impegnate per due anni a scrivere 20 articoli retribuiti (30\/50 euro a pezzo) per ottenere il tesserino.<\/p>\n\n\n\n<p class=\"has-ast-global-color-8-color has-text-color has-link-color wp-elements-c74e6ff36b23404cf873fd97f55bddde\"><strong>Le borse lavoro<\/strong><\/p>\n\n\n\n<p class=\"has-ast-global-color-8-color has-text-color has-link-color wp-elements-f439f5f77abd109f7df3d5507c44f635\">La seconda gamba del progetto \u00e8 dedicata a chi, sempre nella fragilit\u00e0, si occupa della \u201cfatica materiale\u201d del giornale: curare la sede, imbustare le copie, ritirarle in tipografia, portarle agli uffici postali o nei \u201cluoghi amici\u201d della citt\u00e0, aiutare nella distribuzione alimentare. Per questo, grazie alle risorse valdesi, sono state istituite piccole borse lavoro che hanno offerto ad altre persone la possibilit\u00e0 di impegnarsi per un reddito di sussistenza.<\/p>\n\n\n\n<p class=\"has-ast-global-color-8-color has-text-color has-link-color wp-elements-a583d9bc9b75a09771015da914f75a5a\"><strong>Un progetto che vale<\/strong><\/p>\n\n\n\n<p class=\"has-ast-global-color-8-color has-text-color has-link-color wp-elements-7fbafe35479de9be58e2341f1821cbac\">In una Firenze che preferisce i ricchi ai poveri, e si svuota cos\u00ec di cittadini portatori di diritti, Fuori Binario risponde &#8211; grazie alla Chiesa Valdese &#8211; con una strategia innovativa e potente: la cultura e la dignit\u00e0 di un lavoro vero e proprio. Un&#8217;occasione di inclusione, apertura al territorio e reddito, utile per uscire da forme di ghettizzazione sociale.<\/p>\n","protected":false},"excerpt":{"rendered":"<p>Un progetto innovativo consente ai diffusori di Fuori Binario di diventare giornalisti pubblicisti, offrendo borse lavoro e formazione in una citt\u00e0 sempre pi\u00f9 respingente per i pi\u00f9 fragili. Mentre il centro storico diventa sempre pi\u00f9 un salotto per turisti facoltosi e le case per i residenti svaniscono come neve al sole, dal basso riparte un\u2019idea [&hellip;]<\/p>\n","protected":false},"author":2,"featured_media":3727,"parent":0,"menu_order":0,"comment_status":"closed","ping_status":"closed","template":"","meta":{"_uag_custom_page_level_css":"","site-sidebar-layout":"default","site-content-layout":"","ast-site-content-layout":"default","site-content-style":"default","site-sidebar-style":"default","ast-global-header-display":"","ast-banner-title-visibility":"","ast-main-header-display":"","ast-hfb-above-header-display":"","ast-hfb-below-header-display":"","ast-hfb-mobile-header-display":"","site-post-title":"","ast-breadcrumbs-content":"","ast-featured-img":"","footer-sml-layout":"","ast-disable-related-posts":"","theme-transparent-header-meta":"","adv-header-id-meta":"","stick-header-meta":"","header-above-stick-meta":"","header-main-stick-meta":"","header-below-stick-meta":"","astra-migrate-meta-layouts":"set","ast-page-background-enabled":"default","ast-page-background-meta":{"desktop":{"background-color":"var(--ast-global-color-4)","background-image":"","background-repeat":"repeat","background-position":"center center","background-size":"auto","background-attachment":"scroll","background-type":"","background-media":"","overlay-type":"","overlay-color":"","overlay-opacity":"","overlay-gradient":""},"tablet":{"background-color":"","background-image":"","background-repeat":"repeat","background-position":"center center","background-size":"auto","background-attachment":"scroll","background-type":"","background-media":"","overlay-type":"","overlay-color":"","overlay-opacity":"","overlay-gradient":""},"mobile":{"background-color":"","background-image":"","background-repeat":"repeat","background-position":"center center","background-size":"auto","background-attachment":"scroll","background-type":"","background-media":"","overlay-type":"","overlay-color":"","overlay-opacity":"","overlay-gradient":""}},"ast-content-background-meta":{"desktop":{"background-color":"var(--ast-global-color-5)","background-image":"","background-repeat":"repeat","background-position":"center center","background-size":"auto","background-attachment":"scroll","background-type":"","background-media":"","overlay-type":"","overlay-color":"","overlay-opacity":"","overlay-gradient":""},"tablet":{"background-color":"var(--ast-global-color-5)","background-image":"","background-repeat":"repeat","background-position":"center center","background-size":"auto","background-attachment":"scroll","background-type":"","background-media":"","overlay-type":"","overlay-color":"","overlay-opacity":"","overlay-gradient":""},"mobile":{"background-color":"var(--ast-global-color-5)","background-image":"","background-repeat":"repeat","background-position":"center center","background-size":"auto","background-attachment":"scroll","background-type":"","background-media":"","overlay-type":"","overlay-color":"","overlay-opacity":"","overlay-gradient":""}},"footnotes":""},"ppma_author":[38],"class_list":["post-3716","page","type-page","status-publish","has-post-thumbnail","hentry"],"uagb_featured_image_src":{"full":["https:\/\/www.fuoribinario.org\/wp-content\/uploads\/2026\/05\/Logo-8xmille_ita_Jpeg.jpg",955,668,false],"thumbnail":["https:\/\/www.fuoribinario.org\/wp-content\/uploads\/2026\/05\/Logo-8xmille_ita_Jpeg-150x150.jpg",150,150,true],"medium":["https:\/\/www.fuoribinario.org\/wp-content\/uploads\/2026\/05\/Logo-8xmille_ita_Jpeg-300x210.jpg",300,210,true],"medium_large":["https:\/\/www.fuoribinario.org\/wp-content\/uploads\/2026\/05\/Logo-8xmille_ita_Jpeg-768x537.jpg",768,537,true],"large":["https:\/\/www.fuoribinario.org\/wp-content\/uploads\/2026\/05\/Logo-8xmille_ita_Jpeg.jpg",955,668,false],"1536x1536":["https:\/\/www.fuoribinario.org\/wp-content\/uploads\/2026\/05\/Logo-8xmille_ita_Jpeg.jpg",955,668,false],"2048x2048":["https:\/\/www.fuoribinario.org\/wp-content\/uploads\/2026\/05\/Logo-8xmille_ita_Jpeg.jpg",955,668,false]},"uagb_author_info":{"display_name":"Fuori Binario","author_link":"https:\/\/www.fuoribinario.org\/index.php\/author\/redazione\/"},"uagb_comment_info":0,"uagb_excerpt":"Un progetto innovativo consente ai diffusori di Fuori Binario di diventare giornalisti pubblicisti, offrendo borse lavoro e formazione in una citt\u00e0 sempre pi\u00f9 respingente per i pi\u00f9 fragili. Mentre il centro storico diventa sempre pi\u00f9 un salotto per turisti facoltosi e le case per i residenti svaniscono come neve al sole, dal basso riparte un\u2019idea&hellip;","_links":{"self":[{"href":"https:\/\/www.fuoribinario.org\/index.php\/wp-json\/wp\/v2\/pages\/3716","targetHints":{"allow":["GET"]}}],"collection":[{"href":"https:\/\/www.fuoribinario.org\/index.php\/wp-json\/wp\/v2\/pages"}],"about":[{"href":"https:\/\/www.fuoribinario.org\/index.php\/wp-json\/wp\/v2\/types\/page"}],"author":[{"embeddable":true,"href":"https:\/\/www.fuoribinario.org\/index.php\/wp-json\/wp\/v2\/users\/2"}],"replies":[{"embeddable":true,"href":"https:\/\/www.fuoribinario.org\/index.php\/wp-json\/wp\/v2\/comments?post=3716"}],"version-history":[{"count":4,"href":"https:\/\/www.fuoribinario.org\/index.php\/wp-json\/wp\/v2\/pages\/3716\/revisions"}],"predecessor-version":[{"id":3733,"href":"https:\/\/www.fuoribinario.org\/index.php\/wp-json\/wp\/v2\/pages\/3716\/revisions\/3733"}],"wp:featuredmedia":[{"embeddable":true,"href":"https:\/\/www.fuoribinario.org\/index.php\/wp-json\/wp\/v2\/media\/3727"}],"wp:attachment":[{"href":"https:\/\/www.fuoribinario.org\/index.php\/wp-json\/wp\/v2\/media?parent=3716"}],"wp:term":[{"taxonomy":"author","embeddable":true,"href":"https:\/\/www.fuoribinario.org\/index.php\/wp-json\/wp\/v2\/ppma_author?post=3716"}],"curies":[{"name":"wp","href":"https:\/\/api.w.org\/{rel}","templated":true}]}}