{"id":61,"date":"2023-11-20T06:38:00","date_gmt":"2023-11-20T06:38:00","guid":{"rendered":"http:\/\/localhost\/?page_id=61"},"modified":"2025-01-07T17:22:11","modified_gmt":"2025-01-07T17:22:11","slug":"diffusori","status":"publish","type":"page","link":"https:\/\/www.fuoribinario.org\/index.php\/diffusori\/","title":{"rendered":"Diffusione"},"content":{"rendered":"\n<p class=\"has-ast-global-color-8-color has-text-color\">Donne e uomini che distribuiscono cultura e informazione per costruire il loro reddito. Se li incontri per strada chiedi loro di acquistare una copia del giornale al prezzo che vorrai tu. E se conosci qualcuno in difficolt\u00e0 economica che vuole entrare nella squadra&nbsp;vieni a trovarci, scrivici a&nbsp;<a href=\"mailto:redazione@fuoribinario.org\">redazione@fuoribinario.org<\/a>, o contattaci allo&nbsp;0552286348 il luned\u00ec, mercoled\u00ec e venerd\u00ec dalle 15 alle 18, orario di apertura della redazione.<\/p>\n\n\n\n<hr class=\"wp-block-separator has-text-color has-ast-global-color-4-color has-alpha-channel-opacity has-ast-global-color-4-background-color has-background is-style-wide\" style=\"margin-top:var(--wp--preset--spacing--30);margin-bottom:var(--wp--preset--spacing--30)\"\/>\n\n\n\n<div class=\"wp-block-uagb-inline-notice uagb-inline_notice__align-left uagb-block-60b46a73\"><h4 class=\"uagb-notice-title\">Distributrici e diffusori<\/h4><div class=\"uagb-notice-text\"><strong>A FIRENZE<\/strong><br><br><strong>Berisa Sabit<\/strong><br>Viale XI Agosto<br><strong>Cezar Toma<\/strong><br>Oltrarno<br><strong>Clara Baldasseroni<\/strong><br>Pontassieve e Mugello<br><strong>Comitet Stanescu<\/strong><br>Santissima Annunziata, San Marco<br><strong>Cristina Niccoletti<\/strong><br>Rifredi, Piazza Leopoldo<br><strong>Danila Remus<\/strong><br>Santa Maria Novella, Duomo<br><strong>Francesco Martinelli<\/strong><br>Rifredi, Piazza Leopoldo<br><strong>Gheorghe Carolea<\/strong><br>Ospedale Ponte a Niccheri<br><strong>Grafian Stanescu<\/strong><br>Piazza della Repubblica<br><strong>Imed Saadaouid<\/strong><br>Piazza Tasso, Viale Pratolini<br><strong>Marzio Muccitelli<\/strong><br>Talenti, Oltrarno<br><strong>Marin Victor<\/strong><br>San Lorenzo, Duomo<br><strong>Mihai Birka<\/strong><br>Caldine<br><strong>Mihai Copalea<\/strong><br>Santissima Annunziata, San Marco<br><strong>Nanu Ghiocel<\/strong><br>Sant\u2019Ambrogio<br><strong>Raffaele Venuto<\/strong><br>Pontassieve e Mugello<br><strong>Robert Ionita<\/strong><br>Via Masaccio, via Milanesi<br><strong>Sirio Sambati<\/strong><br>Isolotto, Novoli<br><strong>Teodor Stanescu<\/strong><br>Piagge, via Cimabue<br><strong>Tot\u00f2 Orlando<\/strong><br>Piazza delle Cure<br><br><strong>A LIVORNO<\/strong><br><br><strong>Clara Baldasseroni<br>Raffaele Venuto<\/strong><br><br><strong>A PISA<\/strong><br><br><strong>Antonio Vanni<br>Walter Quarta<\/strong><\/div><\/div>\n\n\n\n<hr class=\"wp-block-separator has-text-color has-ast-global-color-4-color has-alpha-channel-opacity has-ast-global-color-4-background-color has-background is-style-wide\" style=\"margin-top:var(--wp--preset--spacing--30);margin-bottom:var(--wp--preset--spacing--30)\"\/>\n\n\n\n<div class=\"wp-block-uagb-inline-notice uagb-inline_notice__align-left uagb-block-06ba4a16\"><h4 class=\"uagb-notice-title\">Diventare strillone per guadagnare qualcosa vendendo il giornale<\/h4><div class=\"uagb-notice-text\">Cari aspiranti diffusori,<br>se state vivendo un periodo di difficolt\u00e0 economica potete contattare la redazione allo 0552286348 o via email su <a rel=\"noreferrer noopener\" href=\"mailto:redazione@fuoribinario.org\" target=\"_blank\">redazione@fuoribinario.org<\/a> per proporvi come diffusori nelle strade e nelle piazze fiorentine (e non solo) con il meccanismo raccontato qui a sinistra. Fare lo strillone, vendere Fuori Binario, pu\u00f2 permettervi di mettere insieme un po&#8217; di denaro e allo stesso tempo contribuire alla diffusione di un&#8217;informazione libera e indipendente. Avrete delle copie in omaggio per provare questa attivit\u00e0, conoscere altre persone, confrontarvi con loro, scambiarvi delle dritte. Non perdete l&#8217;occasione: \u00e8 facile, avrete un nostro tesserino di riconoscimento e continuerete a fare la vostra vita con la libert\u00e0 di sempre.<\/div><\/div>\n\n\n\n<hr class=\"wp-block-separator has-text-color has-ast-global-color-4-color has-alpha-channel-opacity has-ast-global-color-4-background-color has-background is-style-wide\" style=\"margin-top:var(--wp--preset--spacing--30);margin-bottom:var(--wp--preset--spacing--30)\"\/>\n","protected":false},"excerpt":{"rendered":"<p>Donne e uomini che distribuiscono cultura e informazione per costruire il loro reddito. Se li incontri per strada chiedi loro di acquistare una copia del giornale al prezzo che vorrai tu. E se conosci qualcuno in difficolt\u00e0 economica che vuole entrare nella squadra&nbsp;vieni a trovarci, scrivici a&nbsp;redazione@fuoribinario.org, o contattaci allo&nbsp;0552286348 il luned\u00ec, mercoled\u00ec e venerd\u00ec [&hellip;]<\/p>\n","protected":false},"author":2,"featured_media":1258,"parent":0,"menu_order":0,"comment_status":"closed","ping_status":"closed","template":"","meta":{"_uag_custom_page_level_css":"","site-sidebar-layout":"default","site-content-layout":"","ast-site-content-layout":"default","site-content-style":"default","site-sidebar-style":"default","ast-global-header-display":"","ast-banner-title-visibility":"","ast-main-header-display":"","ast-hfb-above-header-display":"","ast-hfb-below-header-display":"","ast-hfb-mobile-header-display":"","site-post-title":"","ast-breadcrumbs-content":"","ast-featured-img":"disabled","footer-sml-layout":"","ast-disable-related-posts":"","theme-transparent-header-meta":"","adv-header-id-meta":"","stick-header-meta":"","header-above-stick-meta":"","header-main-stick-meta":"","header-below-stick-meta":"","astra-migrate-meta-layouts":"set","ast-page-background-enabled":"default","ast-page-background-meta":{"desktop":{"background-color":"var(--ast-global-color-4)","background-image":"","background-repeat":"repeat","background-position":"center center","background-size":"auto","background-attachment":"scroll","background-type":"","background-media":"","overlay-type":"","overlay-color":"","overlay-opacity":"","overlay-gradient":""},"tablet":{"background-color":"","background-image":"","background-repeat":"repeat","background-position":"center center","background-size":"auto","background-attachment":"scroll","background-type":"","background-media":"","overlay-type":"","overlay-color":"","overlay-opacity":"","overlay-gradient":""},"mobile":{"background-color":"","background-image":"","background-repeat":"repeat","background-position":"center center","background-size":"auto","background-attachment":"scroll","background-type":"","background-media":"","overlay-type":"","overlay-color":"","overlay-opacity":"","overlay-gradient":""}},"ast-content-background-meta":{"desktop":{"background-color":"var(--ast-global-color-5)","background-image":"","background-repeat":"repeat","background-position":"center center","background-size":"auto","background-attachment":"scroll","background-type":"","background-media":"","overlay-type":"","overlay-color":"","overlay-opacity":"","overlay-gradient":""},"tablet":{"background-color":"var(--ast-global-color-5)","background-image":"","background-repeat":"repeat","background-position":"center center","background-size":"auto","background-attachment":"scroll","background-type":"","background-media":"","overlay-type":"","overlay-color":"","overlay-opacity":"","overlay-gradient":""},"mobile":{"background-color":"var(--ast-global-color-5)","background-image":"","background-repeat":"repeat","background-position":"center center","background-size":"auto","background-attachment":"scroll","background-type":"","background-media":"","overlay-type":"","overlay-color":"","overlay-opacity":"","overlay-gradient":""}},"footnotes":""},"ppma_author":[38],"class_list":["post-61","page","type-page","status-publish","has-post-thumbnail","hentry"],"uagb_featured_image_src":{"full":["https:\/\/www.fuoribinario.org\/wp-content\/uploads\/2023\/11\/Schermata-del-2023-11-20-11-53-39.png",629,637,false],"thumbnail":["https:\/\/www.fuoribinario.org\/wp-content\/uploads\/2023\/11\/Schermata-del-2023-11-20-11-53-39-150x150.png",150,150,true],"medium":["https:\/\/www.fuoribinario.org\/wp-content\/uploads\/2023\/11\/Schermata-del-2023-11-20-11-53-39-296x300.png",296,300,true],"medium_large":["https:\/\/www.fuoribinario.org\/wp-content\/uploads\/2023\/11\/Schermata-del-2023-11-20-11-53-39.png",629,637,false],"large":["https:\/\/www.fuoribinario.org\/wp-content\/uploads\/2023\/11\/Schermata-del-2023-11-20-11-53-39.png",629,637,false],"1536x1536":["https:\/\/www.fuoribinario.org\/wp-content\/uploads\/2023\/11\/Schermata-del-2023-11-20-11-53-39.png",629,637,false],"2048x2048":["https:\/\/www.fuoribinario.org\/wp-content\/uploads\/2023\/11\/Schermata-del-2023-11-20-11-53-39.png",629,637,false]},"uagb_author_info":{"display_name":"Fuori Binario","author_link":"https:\/\/www.fuoribinario.org\/index.php\/author\/redazione\/"},"uagb_comment_info":0,"uagb_excerpt":"Donne e uomini che distribuiscono cultura e informazione per costruire il loro reddito. Se li incontri per strada chiedi loro di acquistare una copia del giornale al prezzo che vorrai tu. E se conosci qualcuno in difficolt\u00e0 economica che vuole entrare nella squadra&nbsp;vieni a trovarci, scrivici a&nbsp;redazione@fuoribinario.org, o contattaci allo&nbsp;0552286348 il luned\u00ec, mercoled\u00ec e venerd\u00ec&hellip;","_links":{"self":[{"href":"https:\/\/www.fuoribinario.org\/index.php\/wp-json\/wp\/v2\/pages\/61","targetHints":{"allow":["GET"]}}],"collection":[{"href":"https:\/\/www.fuoribinario.org\/index.php\/wp-json\/wp\/v2\/pages"}],"about":[{"href":"https:\/\/www.fuoribinario.org\/index.php\/wp-json\/wp\/v2\/types\/page"}],"author":[{"embeddable":true,"href":"https:\/\/www.fuoribinario.org\/index.php\/wp-json\/wp\/v2\/users\/2"}],"replies":[{"embeddable":true,"href":"https:\/\/www.fuoribinario.org\/index.php\/wp-json\/wp\/v2\/comments?post=61"}],"version-history":[{"count":24,"href":"https:\/\/www.fuoribinario.org\/index.php\/wp-json\/wp\/v2\/pages\/61\/revisions"}],"predecessor-version":[{"id":3144,"href":"https:\/\/www.fuoribinario.org\/index.php\/wp-json\/wp\/v2\/pages\/61\/revisions\/3144"}],"wp:featuredmedia":[{"embeddable":true,"href":"https:\/\/www.fuoribinario.org\/index.php\/wp-json\/wp\/v2\/media\/1258"}],"wp:attachment":[{"href":"https:\/\/www.fuoribinario.org\/index.php\/wp-json\/wp\/v2\/media?parent=61"}],"wp:term":[{"taxonomy":"author","embeddable":true,"href":"https:\/\/www.fuoribinario.org\/index.php\/wp-json\/wp\/v2\/ppma_author?post=61"}],"curies":[{"name":"wp","href":"https:\/\/api.w.org\/{rel}","templated":true}]}}